) - 5*u(k). Give s(p).
7
Suppose -10 = r - 3. Let t(x) = -4*x**2 - 4*x + 21. Calculate t(r).
-147
Let d be 16 + -17 + -5*1. Let i be ((-4)/d)/(-5*6/(-315)). Let n(p) = p - 10. What is n(i)?
-3
Suppose 7*r - r = 2280. Suppose 5*a - r = -0*a. Let o = a - 74. Let y(l) = -4*l**2 + 4*l - 2. Calculate y(o).
-10
Let f(u) = 6*u + 5. Let j be -6 + 2 + (4 - -2). Let c be 0 + j/2 - 3. What is f(c)?
-7
Let a(k) be the third derivative of k**6/120 - 11*k**5/60 + k**4/24 + k**3/3 - 6*k**2 - 298. What is a(5)?
-143
Let h(k) = 9*k**2 - 1. Let j(n) = n**3 + 15*n**2 + 4*n - 6. Let r(f) = -2*h(f) + j(f). Determine r(5).
66
Let t(c) be the second derivative of -c**5/20 - 5*c**4/12 + 7*c**3/3 + c**2 + 959*c. Determine t(-7).
2
Let i be (3/8)/((990/88)/15). Let u(g) be the second derivative of 5/12*g**4 + 0 - 1/3*g**3 - i*g**2 + 15*g. Give u(2).
15
Suppose -2*u = -3*u + 3. Suppose -z - 1 = -j - 3, u*z - 18 = -3*j. Let p(f) = f**3 - 4*f**2 + 2*f - 5. Determine p(z).
3
Let v(j) = j**3 - 7 + 6*j**2 + 4*j**2 - 626*j + 620*j - 16*j**2 - 2*j**3. Determine v(-5).
-2
Let v be (32/12)/((-1)/(-3)) + -3. Suppose -v*q + 4 = 5*k - 1, 0 = k + 2*q. Let r(d) = -d**2 + 5*d**3 - 3*d**k + 6*d + 2*d**2 - 1 - 4*d. Calculate r(1).
4
Let i(x) = -20*x**2 - 8*x - 2. Suppose 3*l - 3 = 0, -120*n - 5*l = -116*n - 1. What is i(n)?
-14
Let x(y) be the third derivative of y**4/6 - 95*y**3/6 - 3*y**2 - 5*y - 191. What is x(14)?
-39
Let z = -16 - -16. Suppose z*b = 4*b. Let f(s) = -s**2 - 2*s + b + 4*s - 4. Determine f(4).
-12
Let c(b) = -4*b - 1. Suppose r + 4*w = -0*r + 6, 2*r + 3*w - 7 = 0. Suppose r = i - 3. Suppose h - i*h - 8 = 0. What is c(h)?
7
Let i(z) = -z**2 - 5*z + 2*z**2 - 1 + 0 + 5 - z**3 + 5*z**2. Let d be -32*(-2)/4 + -3. Suppose 4*j = 7 + d. Give i(j).
4
Suppose 29*h = -1929 + 1871. Let z(l) = -l**3 - 2*l**2 - 5*l - 6. What is z(h)?
4
Let c(p) be the second derivative of -2*p - 1/3*p**4 + 5/6*p**3 + p**2 + 0 - 1/20*p**5. Let j(h) = -h**3 + 4*h**2 + 22*h - 12. Let g be j(7). Calculate c(g).
2
Let f(w) = 21*w + 12 - 3*w - 13*w - 4*w - 7*w. Determine f(6).
-24
Let j(g) = -g**2 - 12*g + 22. Let f be (13/(585/(-252)))/((-2)/10*-2). Give j(f).
-6
Let q(k) = k**3 + 5*k**2 - k + 7. Suppose -6*z - 36 = -10*z. Let j(i) = 0 + 2*i - 4*i - z. Let u be j(-2). Determine q(u).
12
Suppose 32*n + 16*n = 27*n + 21. Let g(q) = 24*q**3 - q**2 - q + 1. Give g(n).
23
Let a(o) = -1 - 19*o + 23 - 10*o - 7*o + 42*o - 2*o**2. What is a(-4)?
-34
Let d be (24 + -2)*(-14 + (-232)/(-16)). Let n(u) = 2*u - 48. Determine n(d).
-26
Let s(d) be the first derivative of d**5/24 + d**4/24 - 68*d**3/3 + 16. Let w(h) be the third derivative of s(h). What is w(6)?
31
Let o be ((-2)/(-5))/(1 - 42/30). Let y(h) = 3*h**3 + h**3 + 5*h + 3*h - 9*h. Determine y(o).
-3
Suppose -7*i + 50 = -2*i - 4*s, -i - 14 = 4*s. Suppose 27 = 3*f + i. Let c(y) = y**3 - 8*y**2 + 6*y + 7. Determine c(f).
0
Let i(o) = -o - 7. Suppose -263*x = -270*x + 35. Suppose 4*d = -5*c + 5, -4*d + d = x*c. What is i(d)?
-12
Let m(a) = 3*a**2 + 6*a. Let b(o) = -o**2 - 2*o - 1. Let n(r) = 4*b(r) + m(r). Determine n(4).
-28
Let b(m) = -68*m + m**2 - 6 + 3 + 3 - 8 + 66*m. Give b(4).
0
Let t(f) = f + 15. Let v(z) = -5*z**3 - 6*z**2 - 11*z - 2. Let a be v(-3). Let q be 0 - 1 - a/8. Give t(q).
0
Let w(y) be the second derivative of y**5/20 - y**4/3 + y**3/6 + y. Let u(g) = 30*g - 1765. Let q be u(59). Determine w(q).
30
Let z(i) = -5*i + 3*i - 2*i + 18*i**2 + 16 - 17*i**2 - 5*i. Calculate z(5).
-4
Let o(r) = -300*r - 312. Let w(y) = -137*y - 156. Let g(x) = -6*o(x) + 13*w(x). Calculate g(8).
-4
Let i(s) be the third derivative of 0*s + 0 - 1/6*s**3 - 1/60*s**5 - 5/24*s**4 + 17*s**2. Let g(m) = 3*m + 14. Let h be g(-6). Calculate i(h).
3
Let n = 459 - 466. Let i(x) = -x**2 - 9*x - 11. Let p be i(n). Let b(f) = 2*f - 4. Give b(p).
2
Let y(t) = -t**3 - 9*t**2 + 2*t + 7. Let w = -25787 + 25778. What is y(w)?
-11
Let m(d) = d**2 - 9*d + 2. Let w be 1 + -3 - (-3 + (-66)/6). Suppose 25*z = w*z + 104. Give m(z).
-6
Let b(x) = -11*x + 9 + 13 + x**2 - 32 + 4*x**2 + x**2. Let w(k) = 10*k**2 - 25*k - 19. Let o(q) = -7*b(q) + 4*w(q). Calculate o(-11).
5
Let i(n) = -431 + 0*n**2 - 441 + 877 + 4*n - n**2. Calculate i(-6).
-55
Let d(w) = w**2 - w. Let z(p) be the first derivative of 7/3*p**3 + 7*p + 7 + 0*p**2. Let a(t) = -6*d(t) + z(t). What is a(-5)?
2
Let g(k) = k + 3. Let n be 124/10 + -4*12/120. Let t = 8 - n. Give g(t).
-1
Let z(d) = 44*d**2 + 21*d + 15. Let y(m) = 16*m**2 + 7*m + 5. Let q(p) = 8*y(p) - 3*z(p). Calculate q(-3).
-20
Let m(i) be the second derivative of 4 + 26*i - 5/6*i**3 - 1/2*i**2. Determine m(-2).
9
Let y = -2602 + 2595. Let t(k) = -k**2 - 7*k - 11. Calculate t(y).
-11
Let s(t) = t**3 - 4*t**2 + 5*t - 3. Let c = 547 + -530. Suppose -p - 5*j + 5 = 0, -c*p + 5*j = -22*p + 25. Determine s(p).
47
Let o(w) = 2*w**2 - 3*w + 1. Let a be 0 + -167 + 5 + 3. Let q = a + 163. Calculate o(q).
21
Let j(c) = 12*c - c**2 + 20*c - 47*c + 22*c + 72 - 12. Calculate j(-4).
16
Let t(x) = x**3 - 25*x**2 - 72*x + 489. Let p be t(27). Let o(r) be the first derivative of 6*r + 1/4*r**4 + 2*r**2 + 17 - 7/3*r**p. Determine o(6).
-6
Let b = 31160 + -31161. Let j(r) = -30*r - 23. Calculate j(b).
7
Let o(i) = i - 9. Let j = -3253 - -3255. What is o(j)?
-7
Let l be (-2)/((20/5)/(-40)). Let q(y) = 2*y - 37. Let j be q(l). Let n(a) = a - 4. Give n(j).
-1
Suppose 4*y - 8*y + 64 = 0. Let u(b) = 2*b**2 - 5*b + 2. Let t(v) = v**2 + 2*v + 2. Let c(o) = -3*t(o) + 2*u(o). Determine c(y).
-2
Let o(w) = 3*w + 32. Let t be o(-8). Let d(a) be the first derivative of a**3/6 - 14*a - 17. Let x(h) be the first derivative of d(h). What is x(t)?
8
Let r(y) = 2*y + 44. Let z be r(3). Suppose -10*a = -20*a - z. Let n(d) = -3*d - 2. Give n(a).
13
Let l(i) = i**3 + 8*i**2 - 88*i - 598. Let o be l(-6). Let d(m) = -14*m**3 - 2*m**2 + 2. Calculate d(o).
-118
Let s(h) = 3*h**2 + 18*h + 6. Let w(g) = g**2 + 2*g + 1. Let c be (-117)/(-39)*(4/(-3))/(-1). Let t(u) = c*w(u) - s(u). Calculate t(10).
-2
Let c(k) be the first derivative of k**4/4 - k**2/2 - 34*k - 1. Let f be (5 + -5)/(93 - 113). What is c(f)?
-34
Let l(h) = -7*h**2 - 1. Let w(v) = 2*v**3 - 13*v**2 - 5*v + 10. Let d be w(7). Suppose -3 = -d*m - 27. Calculate l(m).
-8
Let d = 281 - 271. Let t(i) = -5*i + 6 + d*i**2 - 17*i**2 + 0*i + 6*i**2. Give t(-5).
6
Let h(d) be the third derivative of d**6/60 - 31*d**5/60 - 5*d**4/8 - d**3/2 - 201*d**2 + 2*d. What is h(16)?
13
Let d(g) be the first derivative of -g**6/120 - g**5/20 - g**4/12 - g**3/2 - 9*g**2/2 - 11*g - 203. Let r(i) be the second derivative of d(i). Calculate r(-3).
3
Suppose -5*v - h - 2*h = -1157, -5*v + 1163 = -3*h. Let a = v - 241. Let q(i) = -2*i - 13. Give q(a).
5
Suppose -22 = 29*k - 9 - 100. Let q(j) be the second derivative of 1/6*j**k - 5*j**2 + 9*j + 1/12*j**4 + 0 - 1/20*j**5. Determine q(0).
-10
Suppose 12 = 5*w + 3*n, -5*w - 2*n + 8 = -10*w. Suppose -4*v - 24 = -36. Let r(b) = -2*b**3 + 2*b**3 + b**2 - b**v - 6 + 22. What is r(w)?
16
Let v(o) be the first derivative of 13*o**2/2 - 15*o + 531. Give v(7).
76
Let f(v) = 47*v - 100*v + 301 + 31*v + 27*v + 25*v. Give f(-10).
1
Let f(c) = 2*c**2 - 3*c - 7. Suppose -518 = 305*l - 379*l. Determine f(l).
70
Let a(j) = -4537379*j + 19*j**2 + 2 + 4537379*j + j**3. Give a(-19).
2
Let k(z) = z + 12. Let l be (1 - 1) + -44 - -1. Let h be (-1852)/(-58) - (-68)/986. Let v = h + l. Calculate k(v).
1
Suppose -3*d - 20 = -29. Let f(u) = 1 - 70*u**3 + 142*u**3 + 4*u**2 - 70*u**3 - d*u**2 + 2*u. Give f(-2).
-15
Let a(r) = -5*r**3 + 61*r**2 + r - 93. Let t(y) = -7*y**3 + 89*y**2 + y - 138. Let j(u) = 10*a(u) - 7*t(u). Give j(-13).
-3
Let s = -136 - -139. Suppose -5*j - 7 = -s*p, -13*j - 17 = 2*p - 12*j. Let b(d) = -d**2 - 7*d - 2. What is b(p)?
4
Let q be (12 + 0)/(4/(-8)). Let m(u) = u**3 + 27*u**2 + 74*u + 45. Determine m(q).
-3
Let i(c) be the third derivative of c**6/60 + c**5/20 - c**3/3 + 366*c**2. Determine i(-2).
-6
Let o(s) = -s**2 - 16*s - 14. Let t(q) = -q**2 - 3*q. Let c(w) = -o(w) + 6*t(w). Give c(-2).
-2
Suppose 1 + 11 = 4*y - 4*l, 0 = 3*y + 3*l + 9. Let f(u) = 0*u**2 - 7 - 4*u - 2*u - u**2 + y*u**2. Determine f(-5).
-2
Let k(j) = j**3 + 30*j**2 + 36*j - 106. Let y(q) = -5*q**3 - 145*q**2 - 180*q + 527. Let l(s) = -11*k(s) - 2*y(s). Dete